- 2. Let p = 5 - 11. What are the prime factors of l(p)?
2, 5
Suppose -b + k + 3 = 0, b - 5*k + 3 = -2*k. List the prime factors of b.
2, 3
Suppose w = -0*w. Let c be 0/(w + (-2)/(-1)). Let x(b) = b**3 + b**2 + b + 6. List the prime factors of x(c).
2, 3
Let s = 6 + -2. Suppose 0 = l + 4*d - 25, 3*l - 3 = 5*d + s. Suppose 0 = 3*z - 6 - l. List the prime factors of z.
5
Suppose -3*o + 1 = -14. Let i(f) = f**3 - 10*f**2 + 2*f - 10. Let k be i(10). Suppose -3*w + o*g - k = -28, 3*w + g = 36. List the prime factors of w.
11
Let c(g) = 2*g + 4. Let l be c(-3). Let n(h) be the first derivative of -3*h**2 - 2. List the prime factors of n(l).
2, 3
Let z(p) = -9*p**3 + p. Suppose -4*v + 2*a = 0, 5*v - 4*a - 6 = 3*v. What are the prime factors of z(v)?
2
List the prime factors of (430/(-60))/((-1)/6).
43
Let p be 14/4 - 2/4. Suppose -m = p*m - 12. List the prime factors of (m/4)/((-1)/(-12)).
3
Let s(w) = -w**3 - 6*w**2 - 3*w - 6. Let m be s(-6). Suppose 0 = -0*g - 4*g - m. Let c(t) = t + 5. List the prime factors of c(g).
2
Suppose 5*n - 85 = -0*n. List the prime factors of n.
17
List the prime factors of ((-5)/(-4))/((-2)/(-32)).
2, 5
Let f be (-9)/(-4)*200/(-15). List the prime factors of (-312)/f + (-4)/10.
2, 5
Suppose -114 + 340 = 2*w. List the prime factors of w.
113
Let b(g) = -g**3 + 4*g**2 + 2*g - 4. Let y(a) = -a**2 - 8*a + 4. Let p be y(-8). List the prime factors of b(p).
2
Suppose -2*i - 3*i = -5. Let r be (2 + i)/(-3 - -4). Suppose 5*v = -r*t + 20, -2*v + 6 = -5*t - 2. What are the prime factors of v?
2
Let q be 34/8*(2 - -18). Let s = q + -52. List the prime factors of s.
3, 11
Suppose -90 = 4*i - 278. What are the prime factors of i?
47
Let b = 0 + 0. Suppose 51 = 3*i - b. What are the prime factors of i?
17
Suppose 3*i - 92 = -i. Let l = i - 3. List the prime factors of l.
2, 5
Suppose z = 5, 3*i + 3*z - 42 = 4*i. Let p = i + 47. Let a = -13 + p. What are the prime factors of a?
7
Let t be (-9)/6*20/(-6). Let w = 7 - 3. Suppose 5*d - 35 = t*r, 2*r = w*d - 21 - 11. What are the prime factors of d?
3
Let o be (-26)/(-8) + (-4)/16. Suppose -4*d = -20, -3*d - 33 = -o*y - 0*y. Let a = 22 - y. What are the prime factors of a?
2, 3
Let w be 4/(2/(-24)*-1). Suppose -w = 4*y - 6*y. List the prime factors of y.
2, 3
Let f(h) be the third derivative of -h**5/60 - 5*h**4/12 + 5*h**3/6 - 2*h**2. List the prime factors of f(-9).
2, 7
Suppose 2*r - 4*t + 13 = r, 5*r = -2*t - 153. Let x = r - -43. What are the prime factors of x?
2, 7
Let q(r) = r**2 - 4*r - 1. Let c be q(4). Let m(a) = 3*a**2 + 2*a - 1. Let v be m(-3). What are the prime factors of (1/(-2))/c*v?
2, 5
Let c = -35 + 63. Suppose c = -2*v + 3*v. What are the prime factors of v?
2, 7
Let x be (-1 - (-6 + 0)) + 0. Suppose x*z = 4 + 26. What are the prime factors of z?
2, 3
Let d(j) = -j**3 + 5*j**2 + 4*j + 1. What are the prime factors of d(4)?
3, 11
Suppose -11 = -2*x + 2*n - 3*n, 2*x + 2*n - 12 = 0. Suppose 4 = -2*y + i - 7, -5*i + 10 = x*y. Let h = 2 - y. What are the prime factors of h?
5
List the prime factors of 8/60 + 446/30.
3, 5
Let r(w) = -6*w**3 + w**2 + 7*w + 6. What are the prime factors of r(-4)?
2, 3, 7
Let s(j) = -14*j - 4. List the prime factors of s(-2).
2, 3
Suppose 7*c - 301 = 42. What are the prime factors of c?
7
Let x(i) = 8*i**2 - 5*i + 81. List the prime factors of x(7).
2, 3, 73
Suppose 6 = 3*y + 2*d + 1, -19 = -3*y + 5*d. Let x = y + 8. What are the prime factors of x?
11
Let n(m) = m - 1. Let r be n(4). Suppose 3*w + r = 45. What are the prime factors of (-4)/w + 535/35?
3, 5
Suppose 5*h = -5*t - 15, -2*t - 3*h = -6*h - 19. List the prime factors of t.
2
Suppose 7*g - 6*g - 45 = 0. Suppose 2*c - c = 2*k - g, c = 3. List the prime factors of k.
2, 3
Suppose q = 5*y + 43, -q + 2*y + 77 = 2*q. Let t = q + 3. List the prime factors of t.
2, 13
Let j be (-4)/(-14) - (-4)/(-14). Let z = -27 + 26. What are the prime factors of z/(j - 1) + 5?
2, 3
Suppose -24*f = -27*f + 393. List the prime factors of f.
131
Let l = -4 + 0. Let i = -3 + l. List the prime factors of (-3)/((4/i)/4).
3, 7
Suppose 18*b - 15 = 15*b. List the prime factors of b.
5
Suppose 4*g - 3*p = 20, 20 - 4 = -4*p. What are the prime factors of (g + -1)*1 - -1?
2
Let l = -1 + -5. Let h(o) = 5*o**2 - 28*o + 13. Let k(g) = g**2 - 7*g + 3. Let s(q) = -2*h(q) + 9*k(q). What are the prime factors of s(l)?
7
Let h be 21/(-28) + (-45)/4. List the prime factors of 77/3 + 8/h.
5
Let a(x) = x**3 - x - 2. Let r be a(2). Suppose r*u = b + 6*u + 3, 0 = 5*b + u - 12. Suppose -b*y + y = -28. List the prime factors of y.
2, 7
Let l(h) be the third derivative of -h**5/60 - 5*h**4/24 + 2*h**3/3 + h**2. Suppose -5 = 3*d + 4. What are the prime factors of l(d)?
2, 5
Let c(o) = o**2 - 6*o. Let n be c(6). Suppose n*i + 81 = -3*i. Let u = -19 - i. What are the prime factors of u?
2
Suppose -3*j = 5*v - 125, 4*v + 221 = 5*j + 6*v. List the prime factors of j.
3, 5
Let b(n) = -2*n - 2. Let h be b(-3). Suppose j + 9 = y, 5*j - 3 = y - h*y. What are the prime factors of y + -5 - (-1 + -2)?
2
List the prime factors of 6/(-14) - (-372)/84.
2
Let m(t) = 2*t + 4. Let s be m(9). Suppose 4 = 2*k - s. What are the prime factors of k?
13
List the prime factors of ((-66)/4)/((-9)/12).
2, 11
Suppose -o + 16 = -69. Suppose 2*j = 3*p - j - 75, -4*p - j = -o. What are the prime factors of p?
2, 11
Let u(q) = -q**2 + 10*q - 6. Let k(h) = 2*h + 3. Let t be k(2). What are the prime factors of u(t)?
3, 5
Let u = -36 - -81. List the prime factors of u.
3, 5
Let d(i) = -i**3 - 16*i**2 - 3*i - 16. What are the prime factors of d(-16)?
2
Suppose 151 = 4*l + 23. What are the prime factors of l?
2
What are the prime factors of -2 + (-8)/(-3) - (-6565)/39?
13
Suppose 0 = -5*r - 3*y + 21, -r + y = -3*r + 9. Let s = r + 6. What are the prime factors of s?
2, 3
Let n = 288 + -159. List the prime factors of n.
3, 43
Let u be (-1)/(2/(-8) - 0). Let x(d) = d - 6. Let c be x(u). List the prime factors of 52/8 - (-1)/c.
2, 3
Let k(r) = 3*r - 2. Let m(y) = -y**3 + 4*y**2 + 7*y - 6. Let o be m(5). Suppose -l = l - o. List the prime factors of k(l).
2
Let r(c) = -2*c**3 + 17*c**2 - 12*c + 10. Let q(p) = -p**3 + 9*p**2 - 6*p + 5. Let z(i) = -5*q(i) + 3*r(i). What are the prime factors of z(4)?
13
Suppose 5*q + 3*x = -1223, -q + 6*x - 241 = 3*x. Let a be q/(-16) + 2/(-8). Suppose 4 + 6 = d - 4*o, -2*d + 3*o + a = 0. List the prime factors of d.
2, 3
Suppose 1 = 2*i - 7. Suppose -8*d - 12 = -4*d, -s + 13 = -i*d. Suppose v = -4*n + n - s, -2*v - 1 = 5*n. What are the prime factors of v?
2
Let p(o) = -4*o - 1 - 2 + 0 + o. Let t be p(-2). Suppose 22 = x + x - 2*q, -2*x = t*q - 22. What are the prime factors of x?
11
Suppose 20 = 2*k - 56. Suppose -14 = -3*s - 4*p, 5*p = -5*s - 13 + k. What are the prime factors of s?
2, 3
What are the prime factors of ((-2)/6)/((-15)/1665)?
37
Let r(f) = -35*f - 2. What are the prime factors of r(-3)?
103
Suppose -8 = -3*j - j. Let t be (j - 3)/(2/(-6)). Suppose -5*w + 32 = -0*w - t*n, -38 = -5*w - 3*n. List the prime factors of w.
7
Suppose 4*d - 51 = -5*r, 0 = 2*r - 2*d + 4*d - 22. Suppose -21 = -r*p + 4*p. What are the prime factors of p?
7
Suppose 5*i + f - 64 = 0, -i + 4*f - f = 0. Let h = 2 - 8. What are the prime factors of -5 - h - (0 - i)?
13
Suppose -4*o = -9*o. Suppose -3*p + 18 = -0*p. Suppose o = -5*j + 2*l - 3*l + 57, -p = -j - 2*l. List the prime factors of j.
2, 3
Suppose 4*j - y - 98 = 0, 3*j + 2*y = 67 + 1. Suppose -j = -5*k + 3*k. What are the prime factors of k?
2, 3
Suppose 5*o = 2*g + 3*g - 30, -58 = 3*o + 5*g. Let p = 18 + o. What are the prime factors of (-2)/p + (-48)/(-21)?
2
Suppose -3*f + 2*i + 10 = 3*i, 2*f = 3*i + 3. Suppose 2*b - q - 92 = -3*b, -2*b = -f*q - 42. List the prime factors of b.
2, 3
Suppose 0 = 3*a - 4*c + 90, -150 = a + 4*a + 2*c. What are the prime factors of 1 + (-1)/(2/a)?
2
Let y(u) = u**3 + 5*u**2 - 4*u - 4. List the prime factors of y(-5).
2
Let m = -16 + 30. Suppose 0 = -5*n + 26 + m. List the prime factors of n.
2
Suppose 50 = a + 10. Suppose -2*p + 2 = -a. What are the prime factors of p?
3, 7
Let h(t) = -t**2 - 2*t + 2. Let m(v) = v**3 - 5*v**2 + 3*v - 6. Let p be m(5). Let n = -11 + p. What are the prime factors of h(n)?
2
Let m(p) = p**3 - 10*p**2 - 3. Let f be m(10). Let o = 2